 + 23 + 9 + (-1 - 0)) - 54?
-59
What is -9 + 20 - 11 - ((2 - 4) + 0 + 5)?
-3
Calculate 24 + (-39 - (-90 - -57)).
18
What is the value of (-45 - 5) + (-276 - -345)?
19
What is 8 - (-12 + 7 + 10 + (-2 - -29) - -1)?
-25
What is -68 - 1 - (-661 + 613)?
-21
71 + (-15 - (-47 + 10) - -5) + -20
78
(3 - (3 + 39 + -1 + -23)) + -3
-18
Evaluate 116 + 3 - (-65 + 88).
96
Calculate 16 - (2 - 2) - ((244 - 136) + -98).
6
Evaluate (25 + 2 - (-11 + 2 + 3 - -6)) + 4.
31
Calculate 4 - (7 + 9) - (2 + 1).
-15
Evaluate 107 - (109 + 58 + -42).
-18
Evaluate (13 - 30) + (5 - (-9 - -6)).
-9
What is (-24 - -10) + 2 + -7 + 3 + (-31 - -38)?
-9
Calculate 0 + 33 + (-68 + 97 - 91).
-29
What is the value of (69 - (72 - 57)) + -1 + -9?
44
Calculate -1 - 24 - (-150 + -62 + 170).
17
Evaluate (-3 - -2 - 8) + (-515 - -639) + -22 + 30.
123
Evaluate 30 + 25 + -91 - (3 + 0).
-39
Calculate 138 + -130 + (-19 - 2) + -1 + 49.
35
Evaluate 26 + (23 - (46 + -10)) + -39.
-26
207 + -188 - (-1 - -12) - (-57 + 0 + 5)
60
What is 49 + (77 + -84 - 109)?
-67
Calculate 24 + (30 - (-39 - (17 + -80))).
30
7 - (35 - 26 - (1 + 3)) - 7
-5
Evaluate (6239 - 6188) + (-53 - -1).
-1
95 + (-9 - ((-13 - -6 - 0) + 16))
77
What is the value of (-10 - 34) + 140 - (30 - 4)?
70
What is the value of 25 - (14 + (-1 - 22) + 18)?
16
What is the value of -64 + (-18 - -37) - 3?
-48
What is the value of -591 + 550 - (2 - -2)?
-45
-101 + (-9 - (12 - 13) - 8) + 23
-94
Calculate -4 + -100 + (2971 - 2972).
-105
(6 - 5) + -2 + -26 - (-23 + 9 + 9)
-22
What is 7 + (-341 + 312 - (-2 + -1))?
-19
Calculate (4 - (61 - 45)) + -1 + 36.
23
Evaluate (43 - (9 + 26)) + -23.
-15
-68 + -3 - -3 - (46 + -63 - -11)
-62
(8 - 32 - -23) + 3 + 1 + -60 + 25
-32
Calculate -71 + (45 - (-64 - -54)).
-16
What is 792 + -737 + -126 + 0?
-71
Calculate 121 - (135 + (-235 - -140)).
81
(-26 - -6) + (21 - 56 - -78)
23
What is (-3 + 7 - 0) + (-18 - -18 - 17) + 22?
9
-21 - -59 - ((1 - 16 - -4) + 9)
40
Evaluate 78 - (-39 - -78) - 37.
2
What is 53 - 2 - (-5 - ((19 - 11) + 0))?
64
-29 + (-19 - -49) + 37
38
(1 - -12) + ((-25 - 26) + 23 - 18)
-33
Evaluate 119 + (-162 - (-90 + 133)).
-86
What is the value of (196 - 179 - (-1 + 1)) + -14 + (-1 - 59)?
-57
Calculate -22 + (9 - (-11 + 17 + 4)).
-23
What is 78 + (-128 - -39) + 98 + 1?
88
What is 1 + -1 + -2 - (-34 + -2 - -18)?
16
What is the value of -488 + 512 + (-24 - 1) - -1?
0
What is the value of -2 + -2 + 6 + -11 + 41?
32
Calculate 181 + 75 + -276 + 114.
94
What is -15 + 1 + -41 - -23?
-32
Calculate (42 - 62 - -64) + 105 - 17.
132
Evaluate 15 - (19 - (25 - 36)) - 32.
-47
Evaluate 52 - (10 - (-16 - (19 + -28))).
35
0 - (7 - (11 + 5 + (2 - -20) + 6))
37
What is -7 + 11 + -3 + (8 - (18 + -7)) - -19?
17
Evaluate (-82 - -67) + 7 - (1 + 13 - (6 + -3)).
-19
Calculate (1 - 10) + 14 + -30 + 30 + -9.
-4
What is -79 - ((-6 - 1) + 25 + (-12 - -1) + -2)?
-84
What is -6 - -40 - (-55 - -37 - -110)?
-58
Evaluate (93 - -7) + -8 + -19 + -17.
56
Calculate 34 - ((40 - 29) + 63).
-40
Evaluate 21 - (-21 + -9 + 51) - 4.
-4
What is 69 + -39 + (-36 - -66) + -12?
48
8 + (-17 - (9 - 34) - (-13 - -2))
27
Calculate -136 + (26 - -7) + -51 + 45.
-109
What is 101 - (25 + -51 - -103)?
24
What is 41 - ((-11 - (1 - 23)) + (4 - (26 - 3)))?
49
What is the value of 106 - (-161 + 160 + (8 - 3 - -3))?
99
What is the value of -1781 + 1774 - (-1 - -68 - (-9 + 6))?
-77
Calculate (-1 - 89) + 13018 + -12998.
-70
Evaluate (1 - (12 + 0 + 0 - (-36 - 7))) + -5.
-59
24 + (-25 - 26 - -25) + 32
30
Evaluate 26 + -8 + -14 + 45 + 17.
66
Calculate 11 - ((13 - (16 - 15)) + (3 + -4 - 7)).
7
Evaluate (-11 - (-4 + 4 + -4)) + 3 + -8 + 2.
-10
What is 9 + -16 + (18 - 19) - -10?
2
Calculate (-5 - (12 - -8)) + (37 - 0).
12
What is (1642 - 1652) + (-2 - -36)?
24
Evaluate -4 - ((7 - (-7 + 12) - 7) + -21).
22
(-22 - 5) + -4 + 1 + (-1 - 1)
-32
What is 64 + (5 - 63) - (2 + (-3 - -69))?
-62
What is 56 - -11 - ((100 - 70) + -28 + 6)?
59
What is the value of (-16 - (-29 + 15)) + (-7 + 4 - -3)?
-2
What is -19 + (17 + 34 - 31)?
1
-1 + 19 + -26 + 9 + 25
26
Evaluate (126 - (6 + 33)) + -11 + 10 + (-4 - 0).
82
Evaluate 23 - ((-50 - -40) + -3 + -4 + 6).
34
52 + (4 - 21 - (35 - (48 - -1)))
49
What is the value of (-73594 - -73577) + 59 + (-1 - (-1 + -1))?
43
Evaluate 43 + 38 + -41 + 48.
88
What is the value of (-27 - (7 - 7) - (36 + -48)) + (-4 - 3)?
-22
1 - ((-3 + -72 - (-44 - -44)) + 2 + -4)
78
Calculate -304 + 259 + (-12 - -53).
-4
(-1 - (-5 + 6)) + (8 - (-7 - -11) - 7)
-5
What is the value of -9 - (21 + 5 + 0 + 30 + -31)?
-34
What is 6 + 4 - (5 - (55 + (15 - -3)))?
78
Evaluate -166 + 39 - (-280 - -207).
-54
-2 + 30 - (-23 + (8 - -1) + (6 - -3))
33
-7 + 9 + 18 + (-2 + -11 + -14 - -18)
11
What is the value of 41 - (55 + 5) - (3 - 50)?
28
What is 9 + (-103 - (18 + -74))?
-38
What is -681 + 820 + (-104 - -12)?
47
Evaluate (-14 - -25) + -14 - (95 + -72).
-26
Evaluate -65 + -27 + 99 + (-20 - 1).
-14
Evaluate -15 + 13 - (3 + -6 - -5 - (-1 - -40)).
35
24 - -1 - ((-6 + 20 - 5) + -102 + 85)
33
Evaluate -25 + 8 + -79 + 95.
-1
Evaluate -45 + (90 - 12) - 66.
-33
Calculate -27 - (-81 + -12 + 62) - (-3 + -6).
13
Calculate 0 + (81 - -7) + (1 - 4) - (262 + -262).
85
What is the value of 89 + -77 + -56 + 78?
34
Evaluate -42 - (0 - (-42 - -26 - -36)).
-22
Evaluate -28 - (-1 - (-5 + 16)) - -52.
36
Evaluate (-10 - (-5 + -1 + 7) - -5) + (-115 - -74).
-47
-6 + -24 + (6 - (17 + -1) - 0)
-40
Evaluate (5 - (0 - 10)) + (-79 - -19).
-45
What is the value of (39 - -6) + 2 + -1 + (125 - 117)?
54
What is 4 + -17 + 0 + (74 - (12 + 17))?
32
Evaluate (3 - -13 - (20 + (11 - 2))) + 100.
87
Evaluate -151 + 237 + (-124 - -1).
-37
What is the value of 591 + -604 + 2 + -7?
-18
Calculate 22 + 0 + -15 + (-3 - (-6 + 5 - -56)).
-51
Calculate (27 - (-57 + 11)) + -40.
33
What is -36 - (16 + (8 - 11) - 5)?
-44
-28 + -5 + -55 + 44
-44
Evaluate -67 + (78 - 61) + -6.
-56
What is 134 - (72 + -55 - -48)?
69
12 + 4 + -1 + -6 + (61 - 74)
-4
What is the value of -44 + 69 - 6 - (47 - -6)?
-34
Evaluate -12 + 9 + 4 - (17 + -15 + -11).
10
What is the value of (12 - 5) + (-10 - ((-25 - -31) + (-66 - -2)))?
55
What is 3 + 0 + 15 + -27 - -9 - -60?
60
What is 85 + -1 + -12 + (4 - -28) + -19?
85
-49 + -83 + 199 + -109
-42
Evaluate 1 + -37 - ((274 - -99) + -415).
6
What is 43 + (-49 - 6) + 28?
16
What is -47 - (16 + (-62 - -21)) - -21 - (-1 + 12)?
-12
(-24 - 1) + (31 - (49 + -16 + 1))
-28
Calculate 0 + 1 + -26 + 13 + 7 + -6 + 59.
48
Evaluate 2 - (0 + (1 - 1 - 2) - (-1487 - -1493)).
10
Calculate (117 - 79 - 57) + 124.
105
Calculate -110 - -101 - (17 - (6 - -2)).
-18
What is the value of (-11 + 43 - 28) + (111 - (10 + -4 - 5))?
114
What is the value of -18 + (55 - -16) - 52?
1
What is the value of -1 + 6 - (9 + -18 + 6 + 22 - 10)?
-4
Calculate -4 - ((6 - (-18 + 36)) + -2).
10
What is -14 - (-33 - (-10 - 21) - (-7 + 3))?
-16
Calculate 272 + -149 + -9 - (2 + 35).
77
30 + (3 - (18 + -28 - 15))
58
Calculate 250 - 243 - (-6 + 5 - (3 + -53)).
-42
Calculate 16 - (5 - (-4 + 4)) - (14 - (-28 + 51)).
20
(-4 - -78) + (-15 - -16 - -7) + -9 + 8
81
Calculate (4 + 5 - (6 + -2)) + 103 + -96.
12
What is -1 + -1 + -12 + 9 + (-6 - -1) + -16?
-26
Calculate 0 + -44 + (11 - 11 - 4) - -2.
-46
Evaluate (26 - -15) + (-34 + 19 - -37).
63
Calculate -6 - -46 - (-4 + -10 + 13 + -4).
45
-6285 + 6307 + (1 - 29)
-6
What is the value of -5 + -40 + (52 - 5)?
2
Evaluate 20 + -13 + (-6 - (1 + -28 + 9 + 2)).
17
Evaluate (-5 - (14 + -13 + 1 + -45)) + 4.
42
((18 - 6) + -7 - (19 - 8)) + -5 + 53
42
What is the value of 55 - (21 - ((-21 - -32) + -1))?
44
Calculate -212 + 174 + -2 + 104.
64
Evaluate (-55 - (2 - 44)) + 7 + -39.
-45
39 + 1 - 39 - (-2 + -51)
54
What is -3 - (8 + -18 + 0)?
7
Calculate (2 - (38 - 7 - -8)) + (7 + 2 - 4).
-32
Calculate 5 + (20 - 10) + (9 - (10 + 4)) + -5.
5
-30 + -22 + 30 + 0 - -12
-10
What is (48 + -29 - 7) + (13 - 41)?
-16
Evaluate (-2 - -18 - (176 + -162)) + -12 + (67 - 0).
57
Evaluate 13 + (-3 + (-5 - -70) - (-37 - -18 - -15)).
79
What is (8 - ((13 - 24) + -2 + 14)) + 27?
34
Evaluate (-25 - -21 - (31 + -80)) + (-1 - 13).
31
-79 + ((2 + -4 + -9 - -7) + -7 - -24)
-66
What is -35 - (39 - 11) - (1 + -19)?
-45
What is 28 - (94 - (35 + -15 - 6))?
-52
What is the value of -41 + (-56 - -146) + -41?
8
Evaluate 144 - (38 + 56) - 46.
4
Calculate -4 + -103 + 99 + (10 - (3 + (-1 